20
Let d(p) = -39*p**2 - 609*p + 303. What is d(-16)?
63
Let l(b) = -13*b**3 + 10*b**2 - 25*b + 98. Give l(5).
-1402
Let p(h) = -14027*h + 41968. Calculate p(3).
-113
Let t(v) = -3*v**2 + 56*v + 85. Calculate t(21).
-62
Let c(l) = -4*l**2 - 4442*l - 4438. What is c(-1)?
0
Let o(n) = 6344*n - 139560. Give o(22).
8
Let j(i) = -2*i**3 - 75*i**2 - 137*i - 805. What is j(-36)?
239
Let k(w) = 37938*w + 910499. What is k(-24)?
-13
Let n(w) = 6*w**3 - 53*w**2 - 45*w + 259. What is n(9)?
-65
Let n(z) = -4434*z**2 - 873498*z + 20. Give n(-197).
20
Let w(z) = -4*z**2 - 818*z + 11594. Calculate w(-217).
744
Let d(u) = -36020*u - 35594. Determine d(-1).
426
Let r(b) = b**3 - 64*b**2 - 7033*b + 447053. What is r(63)?
5
Let y(j) = j**2 - 1232*j + 137237. Determine y(124).
-155
Let b(w) = 15219*w - 471889. Calculate b(31).
-100
Let h(y) = -y**3 - 2067*y**2 + 20656*y - 236776. Determine h(-2077).
2
Let g(w) = -w**3 - 46*w**2 - 364*w + 24. Determine g(-10).
64
Let w(r) = -r**3 + 2*r**2 - 1040*r + 6178. Calculate w(6).
-206
Let v(l) = 16240*l + 32835. What is v(-2)?
355
Let j(p) = -8*p**2 + 1271*p - 18171. Calculate j(143).
-10
Let m(s) = -192324*s + 769329. What is m(4)?
33
Let z(r) = 50*r - 963. Calculate z(74).
2737
Let u(n) = -n**2 + 1145*n - 32411. Calculate u(29).
-47
Let r(j) = -1366730*j + 24601130. Determine r(18).
-10
Let j(x) = -4*x**3 - 43*x**2 - 33*x - 219. What is j(-11)?
265
Let d(l) = -2446*l - 14782. Give d(-6).
-106
Let l(h) = -31*h**3 - 470*h**2 - 18*h + 58. What is l(-15)?
-797
Let p(w) = w**2 + 42*w - 31573. Give p(-200).
27
Let x(t) = -4*t**3 + 434*t**2 - 46*t - 18321. Determine x(108).
39
Let s(r) = -96038*r + 31308390. Determine s(326).
2
Let i(l) = -10*l**2 + 427*l - 882. Determine i(42).
-588
Let x(z) = 2*z**3 + 3*z**2 + 446*z + 6158. Calculate x(-10).
-2
Let q(z) = -5*z**2 - 5308*z + 5068751. Give q(-1669).
-2
Let x(c) = -4*c**3 + 17*c**2 - 12*c - 110. Give x(6).
-434
Let y(q) = 3*q**3 + 28*q**2 - q - 7. Calculate y(-4).
253
Let q(s) = 7*s**2 - 1885*s + 35343. Determine q(249).
-15
Let p(h) = -6808*h + 939571. Calculate p(138).
67
Let u(s) = 6*s**2 - 28*s - 267. Give u(9).
-33
Let n(r) = -1307*r + 283603. Give n(217).
-16
Let o(s) = -66*s**3 + 148*s**2 + 331*s + 182. Calculate o(-1).
65
Let o(p) = -469*p + 250. What is o(-3)?
1657
Let n(l) = l**2 + 15912*l - 159218. Determine n(10).
2
Let g(c) = c**3 - 411*c**2 + 24141*c + 165. What is g(71)?
236
Let r(d) = -2235*d + 851560. Calculate r(381).
25
Let p(x) = -15*x**2 - 1456*x - 71. Calculate p(-97).
26
Let u(h) = 39*h**3 - 239*h**2 + 20*h - 54. Give u(6).
-114
Let q(x) = -26211*x - 524213. What is q(-20)?
7
Let z(k) = -8*k**2 + 11*k + 1006. Calculate z(-20).
-2414
Let s(m) = 15*m**2 + 919*m + 9055. Determine s(-49).
39
Let r(y) = -y**2 - 7899*y + 3172004. Calculate r(383).
-2
Let f(g) = 285*g + 1547. What is f(-4)?
407
Let t(y) = 75395*y - 17567046. Calculate t(233).
-11
Let u(f) = -11*f**2 + 1291*f - 264. Calculate u(117).
204
Let m(z) = -z**3 + 79*z**2 + 72*z - 6050. Determine m(79).
-362
Let y(h) = h**3 + 321*h**2 + 2144*h - 383. Give y(-7).
-5
Let x(q) = 11*q**3 + 6*q**2 - 5*q + 4. Give x(4).
784
Let r(f) = f**3 + 27*f**2 + 958*f + 24236. Give r(-26).
4
Let j(c) = -90*c**2 + 6770*c - 8117. Determine j(74).
23
Let s(p) = -p**2 + 54*p + 16944. Give s(173).
-3643
Let r(n) = 120*n**2 + 1013*n - 4031. Calculate r(4).
1941
Let x(j) = -j**3 + 6*j**2 + 491*j + 1468. Give x(-3).
76
Let i(d) = 5*d**2 + 6896*d - 125739. Calculate i(18).
9
Let x(h) = 3*h**2 + 52236*h - 5835161. What is x(111)?
-2
Let d(x) = 3*x**2 - 9*x - 106589. Calculate d(-187).
1
Let b(y) = 7*y**2 + 4917*y - 4917. Calculate b(1).
7
Let m(x) = 531930*x + 8510881. Give m(-16).
1
Let k(s) = s**3 + 42*s**2 - 408*s + 145. Calculate k(8).
81
Let w(l) = 366*l**2 + 6276*l - 73. Calculate w(-18).
5543
Let g(z) = -z**2 + 2305*z - 551219. Calculate g(271).
-5
Let q(o) = -5423*o + 3470715. What is q(640)?
-5
Let f(d) = 72*d**2 + 4835*d + 751. Give f(-67).
14
Let v(i) = -3*i**3 - 620*i**2 - 4313*i - 803656. Determine v(-206).
-50
Let s(h) = -212*h + 80. What is s(-13)?
2836
Let h(i) = -92*i + 1193. Calculate h(13).
-3
Let p(s) = 123*s - 9924. What is p(78)?
-330
Let x(w) = 12*w**3 - 456*w**2 - 122*w + 4638. Give x(38).
2
Let k(l) = l**3 - 567*l**2 - 34199*l - 6829. Determine k(622).
13
Let w(v) = 7337*v**2 + 579625*v + 194. Calculate w(-79).
36
Let q(r) = -r**2 + 603*r - 32102. What is q(544)?
-6
Let z(k) = k**3 - 146*k**2 - 2673*k - 16022. What is z(163)?
-48
Let w(p) = p**3 + 47*p**2 - 111*p + 2117. Determine w(-50).
167
Let h(q) = -7163*q + 107921. What is h(15)?
476
Let u(m) = -749*m + 6207. Determine u(10).
-1283
Let p(a) = -900*a - 18919. What is p(-24)?
2681
Let j(y) = -45*y - 3453. Calculate j(-63).
-618
Let g(f) = 9066*f - 45222. What is g(5)?
108
Let m(r) = 2*r**3 - 41*r**2 + 1970*r - 41831. Give m(21).
-20
Let h(z) = 564*z - 693. What is h(2)?
435
Let f(h) = 2*h**2 - 6593*h - 471308. Calculate f(-70).
2
Let d(m) = -28844*m - 28822. Give d(-1).
22
Let c(p) = 26752*p + 2835802. Calculate c(-106).
90
Let m(f) = -f**3 + 121*f**2 - 1244*f - 17275. Calculate m(108).
5
Let d(w) = -w**3 + 21*w**2 + 62*w - 770. What is d(22)?
110
Let c(j) = 14*j**3 - 15849*j**2 + 1165*j - 37378. Calculate c(1132).
-22
Let l(d) = -141*d + 30744. Determine l(214).
570
Let a(k) = -17*k**2 + 594*k - 1363. Give a(32).
237
Let u(q) = q**2 + 242*q + 8271. Determine u(-46).
-745
Let k(n) = 303*n + 82740. Calculate k(-271).
627
Let g(l) = 72*l + 13169. What is g(-181)?
137
Let o(y) = 2*y**2 + 354*y - 45243. Give o(86).
-7
Let l(y) = 2*y**3 - 32*y**2 - 108*y + 1741. What is l(16)?
13
Let o(l) = -2*l**3 - 47*l**2 - 174*l + 588. What is o(-8)?
-4
Let n(a) = -42*a**2 + 2106*a - 338. Determine n(50).
-38
Let q(x) = 6062*x - 297099. Calculate q(49).
-61
Let m(s) = 2040*s - 63252. Calculate m(31).
-12
Let p(l) = -30045*l - 90103. Determine p(-3).
32
Let s(f) = -12557*f - 111061. Give s(-9).
1952
Let m(c) = -c**3 - 19*c**2 - 4*c - 11. Calculate m(-19).
65
Let n(s) = -5*s**2 + 5593*s + 154674. What is n(-27)?
18
Let o(x) = -3*x**3 + 147*x**2 + 128*x - 18. Calculate o(-1).
4
Let y(x) = 404*x**2 + 205*x + 166. What is y(-2)?
1372
Let n(y) = 9*y**3 + 7*y**2 + 146*y - 459. What is n(3)?
285
Let r(w) = -2*w**2 + 19*w + 7842. Determine r(-58).
12
Let c(f) = 73*f**3 - 5*f**2 - 46*f - 63. What is c(-2)?
-575
Let n(y) = 2509*y - 265956. Determine n(106).
-2
Let x(t) = 53*t**2 - 19990*t + 3394. Calculate x(377).
1
Let u(z) = 1017*z - 37602. Calculate u(37).
27
Let p(b) = 2*b**2 - 794*b + 63814. Give p(285).
-26
Let j(d) = 26945*d + 107813. Give j(-4).
33
Let n(o) = -5*o**2 + 5618*o - 648458. Determine n(993).
-29
Let y(f) = 151025*f - 906134. Calculate y(6).
16
Let m(l) = 3*l**3 + 3*l**2 + 6*l + 218. Give m(0).
218
Let o(l) = -2926*l + 544299. Give o(186).
63
Let h(a) = 35038*a - 2172342. What is h(62)?
14
Let m(l) = 11*l**2 + 697*l - 8774. Give m(-74).
-116
Let o(x) = 1568*x**2 + 10943*x - 170. What is o(-7)?
61
Let o(p) = -17*p**2 + 1025*p + 2919. Calculate o(63).
21
Let i(f) = 2*f**3 - 1424*f**2 - 50732*f + 57. What is i(-34)?
193
Let y(m) = 5*m**3 - 103*m**2 - 6*m - 715. Calculate y(21).
41
Let l(j) = -82109*j + 246613. Calculate l(3).
286
Let c(p) = -11858*p + 569198. Determine c(48).
14
Let b(q) = 11*q**2 - 26*q - 239. Determine b(6).
1
Let n(s) = -19*s**2 + 332*s - 2331. Determine n(7).
-938
Let q(k) = k**2 - 11434*k - 148821. Determine q(-13).
-10
Let k(d) = -d**3 - 7*d**2 + 900*d + 4546. What is k(-5)?
-4
Let l(b) = -81*b**3 + 5*b**2 - 317*b - 1257. What is l(-4)?
5275
Let g(n) = 2*n**2 + 663*n - 8861. Give g(13).
96
Let q(r) = -1124*r + 13811. Calculate q(12).
323
Let i(v) = 5*v**3 - 115*v**2 + 404*v + 1. Determine i(4).
97
Let t(i) = -i**3 - i**2 + 370*i + 291. Give t(-19).
-241
Let w(l) = -526466*l - 2632323. Determine w(-5).
7
Let t(x) = 13*x**3 - 25*x**2 + 22*x - 9. Calculate t(2).
39
Let g(n) = n**3 + 31*n**2 + 30158*n + 997390. What is g(-33)?
-2
Let b(g) = 3*g**3 + 23*g**2 - 51*g + 45. Calculate b(-9).
180
Let o(l) = -126*l - 5420. Calculate o(-36).
-884
Let z(v) = -12939*v - 51757. Calculate z(-4).
-1
Let u(f) = 19571*f + 430534. Calculate u(-22).
-28
Let w(r) = -115*r**2 - 16*r - 5. Determine w(-1).
-104
Let k(i) = 18*i**2 + 530*i + 1556. Give k(-26).
-56
